d) = -d**3 + 8*d**2 - 7*d + 5. List the prime factors of h(v).
3, 5
Let d(p) = 5*p - 1. Let z(k) = k**3 + 6*k**2 + 6*k + 2. Let w be z(-5). Let l be d(w). List the prime factors of (l - -2)/(2/(-4)).
2, 7
Let c(f) = 3*f**3 - 18*f**2 - 6*f - 95. What are the prime factors of c(14)?
5, 181
Suppose -2*p = -2*k + 1 + 1, -4*k + 5*p + 3 = 0. Suppose m - 2*f - 36 = 0, -3*m + k*f = -4*m + 32. List the prime factors of m.
2, 17
Let y(g) = 12*g**2 + 2*g + 3398. List the prime factors of y(0).
2, 1699
Suppose 141981 - 58885 = 52*w. What are the prime factors of w?
2, 17, 47
Let d(p) = 2*p**2 - 64*p + 45. What are the prime factors of d(34)?
181
Let b = -65 + 137. Suppose v + 20 + 28 = 0. Let w = v + b. List the prime factors of w.
2, 3
Suppose 5*o + 115 = 5*x, -101 = -3*x - x + o. Suppose y + 4*m - x = 0, -m - 4*m + 113 = 3*y. List the prime factors of y.
2, 23
Suppose -4649 = -7*q - 1450. List the prime factors of q.
457
Suppose 0 = 5*o - 26 - 4. Let m(l) = -l**3 + 8*l**2 - 12*l. Let t be m(o). Suppose -3*w + 5*d + 137 = t, -5*w - 70 = d - 345. What are the prime factors of w?
2, 3
Let y = 1 - -5. List the prime factors of 33 + y - (-4)/1.
43
Let l(g) = -2*g**2 + 2. Let j be l(-8). Let o = 68 + j. List the prime factors of 2*(-3 + o/(-4)).
23
Let z(n) = 754*n + 32. List the prime factors of z(1).
2, 3, 131
Let z = 12 + 192. What are the prime factors of z?
2, 3, 17
Let n = 39 + -38. List the prime factors of (0 - -1) + (162 - n).
2, 3
Let h(b) = 5*b + 28*b**2 - 8*b + 6*b + 3 + 0. What are the prime factors of h(-2)?
109
Let f(k) be the first derivative of k**3/3 - k**2 + 3*k + 2. Let t be f(3). Let u = t - -25. List the prime factors of u.
31
Let o = 11 + -3. Suppose 6*f = o*f + 78. Let u = f - -66. List the prime factors of u.
3
Let b(u) be the second derivative of u**5/20 - u**4/2 + 7*u**3/6 - 2*u**2 + 2*u + 3. Let i = 11 - 6. List the prime factors of b(i).
2, 3
Let w(v) = v**2 - 24*v - 44. Let y be w(26). Suppose y*p = -4 + 1604. List the prime factors of p.
2, 5
Let a = 11 - 15. Let g(o) = -o**3 - 4*o**2 - 2*o - 3. Let i be g(a). Suppose 0*p = i*p - 25. List the prime factors of p.
5
Suppose 3*y - 17*y + 7910 = 0. List the prime factors of y.
5, 113
Let h(y) = 2*y**2 + 4*y - 10. Let v be h(12). Let q be 4/16 + v/8. Suppose -3 - q = -4*u. List the prime factors of u.
11
Suppose 5*y - 1310 = -o, 134 + 387 = 2*y + o. List the prime factors of y.
263
Let c(t) = 2*t - 2. Let d be c(-10). Let x = d + 33. List the prime factors of x.
11
Suppose 31*i + 10775 = 33746. What are the prime factors of i?
3, 13, 19
Let t(c) = 17*c**3 - 6*c**2 + 7*c - 5. List the prime factors of t(3).
421
Suppose -2 = -2*t, -5*y = 2*t - 15815 - 187. What are the prime factors of y?
2, 5
Suppose -4*u = -5*a + 360 + 433, 467 = 3*a + 2*u. What are the prime factors of a?
157
Suppose -2*b = -4*b + 150. Let c(p) = p**2 + 12*p + 41. Let x be c(-6). Suppose 0 = -0*q + x*q - b. List the prime factors of q.
3, 5
Let y be 2*(36/(-8) + 4). Let p be (55/(-2))/(y/10). Suppose -22*h + 27*h = p. List the prime factors of h.
5, 11
List the prime factors of ((-4)/(-6))/(5 - (-48912)/(-9783)).
2, 1087
Let j = 4 + -7. Let u be -12*(0 + 8/j). Suppose u - 9 = p. List the prime factors of p.
23
Let o be ((-5)/(-2))/(15/240). Suppose 0 = 6*k - k + o. List the prime factors of k/2 + (43 - -2).
41
Suppose 19*x + 3 = 18*x, -5*x = -4*p + 2915. What are the prime factors of p?
5, 29
What are the prime factors of (-12)/3*(-7 + -9)?
2
Let s(p) = -3*p**2 - 3*p + 12. Let w be s(-4). Let j = w - -90. List the prime factors of j.
2, 3, 11
Suppose 0*a + 75 = 4*v + a, a + 1 = 0. What are the prime factors of -10*2/(2 + (-40)/v)?
2, 5, 19
Suppose 6*j - 17*j = -5940. List the prime factors of j.
2, 3, 5
Let u(a) = a**3 + 24*a**2 + 9*a + 32. Let l be u(-24). Let j = 307 + l. List the prime factors of j.
3, 41
Let z be ((-2)/(-4)*-38)/1. What are the prime factors of 2*5 + (-19)/z?
11
Let h(s) = -s**2 - 9*s - 7. Let z be h(-3). Suppose 100 = n - z. What are the prime factors of n?
3, 37
List the prime factors of (3/6)/((-1)/(-6982)).
3491
Let g be (36/20)/(6/50). Let a = g + 60. List the prime factors of a.
3, 5
Suppose -j + 21 = -67. Suppose -2*s = -4*r - j, 0 = -s + 4*r - 3*r + 39. Suppose 0*w - w = -s. List the prime factors of w.
2, 17
Let o = -107 + 191. List the prime factors of o.
2, 3, 7
Let q be 8/(-2)*6/4. Let g(c) = -c**3 - 5*c**2 + c + 19. What are the prime factors of g(q)?
7
Suppose -120 = -6*d - 426. Let q = 1 - d. List the prime factors of q.
2, 13
Suppose 13*x = -1886 + 11181. List the prime factors of x.
5, 11, 13
Let q be ((-21)/(-7))/(-1 + -2). Let p = 27 + q. List the prime factors of p.
2, 13
Suppose 4*m + 1616 = 4*h, -6*h + 5*h = -4*m - 392. What are the prime factors of h?
2, 3, 17
Suppose 4*a - 2*w - 564 = 2*w, -4*a - w + 589 = 0. Suppose a = -p - p. List the prime factors of 2/(-4) - p/2.
2, 3
Suppose 3*h - 5*m = 85, -5*h - m - 2*m = -187. Let i = 109 - h. Let s = i - 53. What are the prime factors of s?
3, 7
Suppose -r = 2*m - 283, 3 = 2*r - 4*m - 539. List the prime factors of r.
277
Let j be 2/10 - (-57)/15. Suppose -i = 3*i + 2*p - 16, p + 16 = j*i. Suppose -c + 5*u = 1, i*c - 4*u - 6 = 22. What are the prime factors of c?
3
Let a = 1643 - 546. What are the prime factors of a?
1097
Suppose 8 = 6*p - 4*p - 2*j, 0 = 2*p - 3*j - 8. Suppose p*n + 10 = 50. What are the prime factors of n?
2, 5
Let u(y) = 3*y**3 - 5*y**2 + 4*y - 3. Let z be u(4). Suppose -5*o + 199 = -v, -3*o + 6*o - z = -5*v. List the prime factors of o.
2, 5
Suppose 4*z = 5*n + 247 - 28, -z - n = -57. Let k = z - 29. What are the prime factors of k?
3
Suppose 11*x - 23896 = -18*x. What are the prime factors of x?
2, 103
Let w = 49 - 43. Let o(f) = 5*f + 14. List the prime factors of o(w).
2, 11
Let y = -9 + -9. List the prime factors of (-8)/12*1*-3 - y.
2, 5
Let w = 278 + 442. What are the prime factors of w?
2, 3, 5
Suppose -10920 = -17*l - 13*l. What are the prime factors of l?
2, 7, 13
Let a = 107 - -4. List the prime factors of 6 + 0 + -3 + (a - -2).
2, 29
Let j(z) be the first derivative of -3*z**2/2 - z + 8. Let o be j(-2). Suppose 2*g + 103 = o*h, -2*h + g + 61 = h. List the prime factors of h.
19
Let i(w) = 152*w**2 - 4*w + 4. Let s be i(1). Let g(m) = -m**3 + 6*m**2 + 4*m + 6. Let k be g(8). Let h = k + s. List the prime factors of h.
2, 31
Let o(b) = 3*b**2 + 23*b - 8. What are the prime factors of o(11)?
2, 19
Let z be 2/((1 - 2)/(-2)). Let d(v) = 4*v**2. List the prime factors of d(z).
2
Let v = -32 - -58. Let d = v + -34. Let p = 42 + d. What are the prime factors of p?
2, 17
Let t be (11/(-22))/(2/136). Let q = t - -56. What are the prime factors of q?
2, 11
Let f = -254 + 808. List the prime factors of f.
2, 277
Let n(x) = x**3 + x**2 - 1. Let a be n(2). Suppose -2*o = 0, 7*z + o = 2*z + 150. Let y = z - a. What are the prime factors of y?
19
Let m(y) = -201*y**3 - y**2 + y + 3. What are the prime factors of m(-1)?
2, 101
Let f = -30 - -38. Suppose -3*c + f = -118. What are the prime factors of c?
2, 3, 7
Let o be 10/3*(-6)/5. List the prime factors of o/(-4)*1 - -90.
7, 13
Suppose -3*c + 2*x = -0*x - 4, -5*x = 10. Suppose -4*s + 32 = f - 0*f, -3*f - 2*s + 86 = c. Let u = -4 + f. List the prime factors of u.
2, 3
Suppose 28*q - 10 = 33*q. What are the prime factors of 386*q/(-4)*1?
193
Suppose 0 = 5*h + 3*p - 12774, 4*p - 5104 = -6*h + 4*h. List the prime factors of h.
2, 3, 71
Let x(c) = c**2 + 4*c + 2. Let s be x(-4). What are the prime factors of 1/s - (-516)/24?
2, 11
Let h be (9/(-6))/(((-22)/12)/(-11)). Let b(m) = m**3 + 9*m**2 - 16*m. List the prime factors of b(h).
2, 3
Suppose 4252 = 18*c - 2930. What are the prime factors of c?
3, 7, 19
Let t(a) = -a**2 - 4*a + 1. Let n be t(-5). Let v(i) = -31*i + 4. What are the prime factors of v(n)?
2
Let p = -23 + 25. Let c = 7 + -4. Suppose -c*l + 8 = -l + 3*f, -4*l + 32 = p*f. List the prime factors of l.
2, 5
Suppose -3*y + 80 + 28 = 0. List the prime factors of (-411)/(-27) + (-8)/y.
3, 5
Let q(i) = -143*i - 155. What are the prime factors of q(-9)?
2, 283
Let y = -10 - -14. Suppose 5*n + 80 = 2*v - y*v, -4*v - 5*n - 140 = 0. List the prime factors of v/(-35)*(1 + 6).
2, 3
Suppose 16*k + 11895 = 41975. List the prime factors of k.
2, 5, 47
Suppose -69*x